reatest common factor of 282 and 4?
2
Calculate the highest common factor of 308 and 88.
44
What is the highest common factor of 117 and 13?
13
Calculate the highest common factor of 48 and 5262.
6
Calculate the greatest common factor of 2 and 5.
1
Calculate the greatest common factor of 10560 and 576.
192
Calculate the highest common divisor of 13 and 6383.
13
Calculate the highest common divisor of 1 and 84.
1
What is the greatest common factor of 546 and 42?
42
What is the highest common divisor of 54 and 1566?
54
What is the highest common factor of 144 and 63?
9
Calculate the highest common divisor of 9752 and 371.
53
What is the highest common divisor of 5 and 5?
5
Calculate the greatest common factor of 2653 and 7.
7
Calculate the greatest common factor of 1058 and 184.
46
What is the highest common divisor of 940 and 20?
20
What is the greatest common divisor of 605 and 5885?
55
What is the greatest common factor of 3 and 87?
3
Calculate the greatest common factor of 5 and 7355.
5
Calculate the highest common factor of 72 and 96.
24
Calculate the greatest common divisor of 61 and 183.
61
What is the greatest common divisor of 12 and 44?
4
What is the highest common factor of 112 and 144?
16
What is the highest common divisor of 177 and 3?
3
What is the greatest common factor of 133 and 35?
7
Calculate the highest common factor of 200 and 24.
8
Calculate the highest common divisor of 516 and 36.
12
Calculate the highest common divisor of 2959 and 88.
11
Calculate the greatest common divisor of 339 and 1243.
113
Calculate the highest common divisor of 219 and 21.
3
What is the greatest common factor of 1302 and 504?
42
Calculate the greatest common divisor of 426 and 2272.
142
What is the greatest common factor of 143 and 88?
11
Calculate the highest common factor of 6 and 102.
6
What is the greatest common divisor of 23 and 13?
1
Calculate the highest common factor of 1725 and 25.
25
Calculate the greatest common factor of 28 and 87416.
28
Calculate the greatest common divisor of 2106 and 6.
6
Calculate the greatest common divisor of 41 and 1.
1
Calculate the highest common divisor of 65 and 18473.
13
What is the highest common factor of 1887 and 51?
51
Calculate the greatest common divisor of 10 and 545.
5
What is the greatest common divisor of 297 and 407?
11
What is the greatest common divisor of 1633 and 1420?
71
Calculate the greatest common factor of 9 and 69.
3
What is the highest common divisor of 135 and 549?
9
Calculate the greatest common divisor of 98 and 19502.
98
Calculate the highest common divisor of 160 and 880.
80
Calculate the highest common divisor of 356 and 445.
89
Calculate the highest common divisor of 2136 and 8.
8
What is the greatest common factor of 52 and 8?
4
What is the greatest common divisor of 63 and 540?
9
Calculate the greatest common divisor of 6 and 1662.
6
What is the greatest common factor of 138 and 1472?
46
What is the greatest common divisor of 27 and 3?
3
What is the highest common divisor of 210 and 770?
70
Calculate the greatest common divisor of 1577 and 415.
83
What is the highest common divisor of 780 and 420?
60
Calculate the highest common factor of 4 and 1964.
4
What is the greatest common divisor of 22 and 4224?
22
Calculate the highest common factor of 69 and 3.
3
What is the greatest common divisor of 1598 and 289?
17
Calculate the greatest common factor of 6 and 1317.
3
Calculate the highest common factor of 195 and 416.
13
Calculate the greatest common factor of 1024 and 64.
64
What is the greatest common divisor of 6 and 906?
6
Calculate the greatest common divisor of 64 and 66880.
64
Calculate the highest common divisor of 2088 and 464.
232
What is the greatest common divisor of 1208 and 56?
8
What is the greatest common factor of 44 and 198?
22
Calculate the highest common divisor of 84 and 175.
7
Calculate the greatest common divisor of 22 and 506.
22
Calculate the greatest common divisor of 156 and 143.
13
What is the greatest common divisor of 1513 and 187?
17
Calculate the greatest common factor of 3751 and 605.
121
What is the highest common factor of 63035 and 35?
35
What is the greatest common factor of 104 and 1664?
104
What is the greatest common factor of 1349 and 19?
19
What is the highest common divisor of 500 and 20?
20
What is the greatest common divisor of 720 and 80?
80
Calculate the highest common divisor of 1020 and 105.
15
Calculate the highest common factor of 340 and 9095.
85
What is the greatest common divisor of 22 and 484?
22
Calculate the highest common divisor of 405 and 30.
15
Calculate the greatest common divisor of 36694 and 14.
14
Calculate the greatest common factor of 26 and 3471.
13
What is the highest common factor of 425 and 100?
25
Calculate the greatest common factor of 2580 and 40.
20
Calculate the greatest common factor of 33 and 913.
11
What is the highest common divisor of 138 and 115?
23
What is the greatest common divisor of 6 and 129?
3
What is the highest common divisor of 2 and 2572?
2
What is the greatest common factor of 49 and 98?
49
Calculate the highest common factor of 170 and 136.
34
Calculate the greatest common factor of 20 and 1580.
20
Calculate the highest common divisor of 32 and 272.
16
Calculate the highest common divisor of 30814 and 31.
31
Calculate the greatest common factor of 35 and 28.
7
What is the highest common divisor of 7944 and 120?
24
Calculate the greatest common factor of 14 and 6937.
7
What is the highest common divisor of 13 and 13?
13
Calculate the greatest common divisor of 290 and 10.
10
What is the greatest common divisor of 243 and 72?
9
What is the highest common divisor of 15 and 165?
15
Calculate the highest common factor of 831 and 6.
3
Calculate the highest common factor of 357 and 84.
21
What is the greatest common factor of 624 and 9568?
208
What is the highest common factor of 5688 and 1027?
79
What is the greatest common factor of 15 and 10?
5
What is the greatest common factor of 21 and 3?
3
Calculate the highest common divisor of 130 and 45.
5
What is the greatest common factor of 560 and 2128?
112
What is the greatest common factor of 2 and 125?
1
Calculate the highest common factor of 90 and 29745.
45
Calculate the greatest common divisor of 21177 and 18.
9
Calculate the highest common divisor of 325 and 91.
13
Calculate the greatest common factor of 3074 and 424.
106
Calculate the greatest common divisor of 10284 and 12.
12
Calculate the highest common divisor of 12 and 3696.
12
Calculate the highest common divisor of 2712 and 48.
24
Calculate the greatest common divisor of 14013 and 346.
173
Calculate the greatest common divisor of 30 and 1730.
10
What is the highest common divisor of 26 and 65?
13
What is the greatest common divisor of 693 and 264?
33
What is the greatest common factor of 210 and 2562?
42
What is the greatest common divisor of 6 and 111?
3
What is the greatest common factor of 489 and 3?
3
What is the greatest common divisor of 735 and 15?
15
Calculate the highest common factor of 112 and 46088.
56
What is the greatest common factor of 81 and 261?
9
Calculate the greatest common factor of 510 and 2250.
30
What is the highest common divisor of 93 and 354?
3
What is the highest common divisor of 65 and 208?
13
Calculate the highest common divisor of 1045 and 1235.
95
What is the greatest common divisor of 13 and 2197?
13
Calculate the highest common factor of 48 and 272.
16
What is the greatest common divisor of 1276 and 176?
44
Calculate the highest common factor of 117 and 8112.
39
What is the greatest common divisor of 649 and 22?
11
Calculate the highest common divisor of 533 and 13.
13
What is the greatest common factor of 100 and 19700?
100
Calculate the greatest common divisor of 24 and 528.
24
What is the greatest common factor of 765 and 360?
45
What is the highest common factor of 8 and 17?
1
What is the greatest common divisor of 6785 and 23?
23
Calculate the greatest common divisor of 1413 and 2512.
157
What is the highest common divisor of 207 and 27?
9
Calculate the greatest common factor of 77 and 497.
7
Calculate the highest common factor of 47 and 5029.
47
Calculate the greatest common divisor of 528 and 32.
16
What is the highest common divisor